igit of 2299?
2
What is the hundreds digit of 32900?
9
What is the tens digit of 629?
2
What is the tens digit of 877?
7
What is the hundreds digit of 6117?
1
What is the tens digit of 2666?
6
What is the tens digit of 1059?
5
What is the units digit of 342?
2
What is the tens digit of 21113?
1
What is the thousands digit of 37073?
7
What is the tens digit of 861?
6
What is the ten thousands digit of 43115?
4
What is the hundreds digit of 1171?
1
What is the ten thousands digit of 12651?
1
What is the thousands digit of 14069?
4
What is the tens digit of 10378?
7
What is the units digit of 6803?
3
What is the units digit of 2406?
6
What is the hundreds digit of 3124?
1
What is the units digit of 60161?
1
What is the hundreds digit of 902?
9
What is the units digit of 1057?
7
What is the tens digit of 82?
8
What is the thousands digit of 3277?
3
What is the tens digit of 53359?
5
What is the hundreds digit of 9397?
3
What is the thousands digit of 48008?
8
What is the units digit of 3978?
8
What is the hundreds digit of 14253?
2
What is the thousands digit of 27488?
7
What is the units digit of 15728?
8
What is the hundreds digit of 4467?
4
What is the thousands digit of 127285?
7
What is the hundreds digit of 23700?
7
What is the hundreds digit of 864?
8
What is the tens digit of 71558?
5
What is the hundreds digit of 2074?
0
What is the hundreds digit of 617?
6
What is the units digit of 90949?
9
What is the hundreds digit of 2080?
0
What is the tens digit of 7976?
7
What is the hundreds digit of 32932?
9
What is the units digit of 3328?
8
What is the units digit of 1292?
2
What is the units digit of 37494?
4
What is the units digit of 114207?
7
What is the thousands digit of 3757?
3
What is the thousands digit of 2979?
2
What is the tens digit of 99?
9
What is the hundreds digit of 4085?
0
What is the tens digit of 2100?
0
What is the units digit of 55?
5
What is the hundreds digit of 3205?
2
What is the tens digit of 88696?
9
What is the units digit of 91653?
3
What is the tens digit of 909?
0
What is the tens digit of 2667?
6
What is the hundreds digit of 1233?
2
What is the thousands digit of 8005?
8
What is the hundreds digit of 16236?
2
What is the tens digit of 67772?
7
What is the tens digit of 1391?
9
What is the tens digit of 5246?
4
What is the tens digit of 20363?
6
What is the tens digit of 12490?
9
What is the thousands digit of 8753?
8
What is the hundreds digit of 7789?
7
What is the thousands digit of 71586?
1
What is the hundreds digit of 1153?
1
What is the units digit of 2781?
1
What is the thousands digit of 13420?
3
What is the thousands digit of 154187?
4
What is the tens digit of 16401?
0
What is the hundreds digit of 8380?
3
What is the thousands digit of 19116?
9
What is the units digit of 7003?
3
What is the hundreds digit of 599?
5
What is the units digit of 2852?
2
What is the tens digit of 70835?
3
What is the units digit of 2793?
3
What is the hundred thousands digit of 142897?
1
What is the thousands digit of 76671?
6
What is the tens digit of 825?
2
What is the hundreds digit of 3820?
8
What is the hundreds digit of 624?
6
What is the units digit of 31166?
6
What is the hundreds digit of 687?
6
What is the hundreds digit of 13611?
6
What is the hundred thousands digit of 129088?
1
What is the units digit of 6277?
7
What is the hundreds digit of 343?
3
What is the tens digit of 107870?
7
What is the hundreds digit of 28368?
3
What is the hundreds digit of 2116?
1
What is the units digit of 64432?
2
What is the thousands digit of 1763?
1
What is the thousands digit of 5732?
5
What is the hundreds digit of 41947?
9
What is the ten thousands digit of 45434?
4
What is the units digit of 33071?
1
What is the units digit of 451?
1
What is the ten thousands digit of 45680?
4
What is the units digit of 254?
4
What is the hundreds digit of 179?
1
What is the tens digit of 844?
4
What is the tens digit of 326?
2
What is the hundreds digit of 31855?
8
What is the ten thousands digit of 50094?
5
What is the tens digit of 1863?
6
What is the units digit of 1123?
3
What is the units digit of 46220?
0
What is the tens digit of 1000?
0
What is the tens digit of 196?
9
What is the thousands digit of 37358?
7
What is the hundreds digit of 1532?
5
What is the units digit of 1448?
8
What is the ten thousands digit of 91468?
9
What is the ten thousands digit of 28006?
2
What is the units digit of 60718?
8
What is the thousands digit of 7084?
7
What is the ten thousands digit of 32825?
3
What is the thousands digit of 7376?
7
What is the tens digit of 35826?
2
What is the hundreds digit of 938?
9
What is the units digit of 1253?
3
What is the hundreds digit of 3522?
5
What is the units digit of 5461?
1
What is the thousands digit of 99706?
9
What is the units digit of 19381?
1
What is the units digit of 1423?
3
What is the units digit of 13404?
4
What is the units digit of 32798?
8
What is the hundreds digit of 16355?
3
What is the thousands digit of 62132?
2
What is the tens digit of 2856?
5
What is the thousands digit of 17416?
7
What is the tens digit of 19538?
3
What is the tens digit of 7789?
8
What is the units digit of 285?
5
What is the units digit of 7090?
0
What is the tens digit of 538?
3
What is the units digit of 1420?
0
What is the tens digit of 14020?
2
What is the tens digit of 30023?
2
What is the units digit of 30574?
4
What is the thousands digit of 5046?
5
What is the thousands digit of 54774?
4
What is the units digit of 42140?
0
What is the units digit of 8226?
6
What is the thousands digit of 43714?
3
What is the hundreds digit of 11837?
8
What is the ten thousands digit of 56879?
5
What is the thousands digit of 1555?
1
What is the hundreds digit of 19463?
4
What is the hundreds digit of 12459?
4
What is the tens digit of 3791?
9
What is the tens digit of 7773?
7
What is the units digit of 1671?
1
What is the units digit of 69810?
0
What is the thousands digit of 3401?
3
What is the hundreds digit of 3069?
0
What is the units digit of 518?
8
What is the hundred thousands digit of 128688?
1
What is the thousands digit of 1046?
1
What is the tens digit of 4034?
3
What is the hundreds digit of 1186?
1
What is the hundreds digit of 673?
6
What is the hundreds digit of 5492?
4
What is the tens digit of 14539?
3
What is the units digit of 5799?
9
What is the tens digit of 10300?
0
What is the hundreds digit of 41944?
9
What is the tens digit of 2513?
1
What is the units digit of 9917?
7
What is the thousands digit of 17009?
7
What is the hundreds digit of 7436?
4
What is the hundreds digit of 1843?
8
What is the ten thousands digit of 86905?
8
What is the units digit of 16169?
9
What is the units digit of 481?
1
What is the thousands digit of 71726?
1
What is the tens digit of 889?
8
What is the hundreds digit of 1454?
4
What is the hundreds digit of 3475?
4
What is the hundreds digit of 23276?
2
What is the hundreds digit of 4106?
1
What is the units digit of 78805?
5
What is the tens digit of 6045?
4
What is the ten thousands digit of 24824?
2
What is the units digit of 600?
0
What is the hundreds digit of 3083?
0
What is the hundreds digit of 20783?
7
What is the units digit of 730?
0
What is the tens digit of 40169?
6
What is the tens digit of 444?
4
What is the tens digit of 4987?
8
What is the units digit of 96?
6
What is the thousands digit of 1024?
1
What is the tens digit of 425?
2
What is the thousands digit of 85108?
5
What is the units digit of 358?
8
What is the thousands digit of 126942?
6
What is the thousands digit of 16015?
6
What is the thousands digit of 27190?
7
What is the units digit of 237?
7
What is the hundreds digit of 518?
5
What is the units digit of 1193?
3
What is the units digit of 3086?
6
What is the units digit of 5655?
5
What is the tens digit of 44499?
9
What is the hundreds digit of 15233?
2
What is the units digit of 181900?
0
What is the tens digit of 34?
3
What is the tens digit of 857?
5
What is the units digit of 2552?
2
What is the hundreds digit of 4631?
6
What is the units digit of 3900?
0
What is the units digit of 1793?
3
What is the units digit of 32579?
9
What is the hundreds digit of 508?
5
What is the tens digit of 436?
3
What is the tens digit of 1254?
5
What 